 - 260 = -2*n, -o*x + 201 = -3*n. What is the remainder when 105 is divided by x?
51
Let t = 46 + 28. Let g = t + -72. Suppose 3*z - g*o - 25 = 1, -3*o + 18 = 5*z. Calculate the remainder when 46 is divided by z.
4
Suppose 18*l + 27369 = 27*l. What is the remainder when l is divided by 78?
77
Suppose 33*z + 20475 = 72*z. What is the remainder when z is divided by 53?
48
Suppose 2532*l - 2533*l - 63 = -5*g, -4*l - 32 = 0. What is the remainder when ((-10)/4)/((-1)/232) is divided by g?
8
Calculate the remainder when (1110/50)/(21/4830) is divided by 637.
10
Let d(p) = -31*p**2 - 222*p + 4. Calculate the remainder when 1088 is divided by d(-7).
35
Suppose 20*l + 255 = 45*l - 20*l. Calculate the remainder when l is divided by 12.
3
Suppose 11456 + 22600 = 649*d + 10043. What is the remainder when 19646 is divided by d?
36
Suppose -15 = -4*l - 7. Let w be -6 + (-250)/(-9) - l/(-9). Let z = 45 - w. Calculate the remainder when z is divided by 4.
3
Let y be (-9 + 11 - 4/6)*-177. Let l = 240 + y. What is the remainder when 16 is divided by l?
0
Let s = -2534 - -3050. What is the remainder when s is divided by 2?
0
Let a = -539 - -625. Suppose t - u - 25 = 0, -2*u - u = 4*t - 100. Let l = t - 3. Calculate the remainder when a is divided by l.
20
Let a = 20947 - 20902. What is the remainder when 7423 is divided by a?
43
Suppose 0*h + 75 = 5*h. Suppose 155*s + 2265*s = 152460. Calculate the remainder when s is divided by h + (1 - 0/2).
15
Suppose 8856 + 596 = 4*c. Suppose -6*g + c = 443. Suppose r - g = -9*r. What is the remainder when 94 is divided by r?
30
Let b = 5067 - 4924. What is the remainder when b is divided by ((-25)/3)/(3/(-9))?
18
Suppose -1439537 - 1006388 = -123*l - 308*l. Calculate the remainder when l is divided by 16.
11
Let p = -128 - -112. What is the remainder when 1290/18 - (p/(-6))/4 is divided by 9?
8
Let t = -616 + 631. Let h(c) = 16*c**2 - 3*c + 3. Let y be h(-3). Suppose 4*d - y = -z, 2*d + 5*z + 60 = 3*d. What is the remainder when d is divided by t?
10
Suppose -3*t + 26 = 7*s - 5*s, -3*s = 6. Calculate the remainder when 4168 is divided by t.
8
Suppose -33*q + 1700 - 479 = 0. Calculate the remainder when 477 is divided by q.
33
Suppose -2*l - 3*l = -1415. Suppose -i = -5*u + 477, -3*u + 6*u = -i + l. Suppose -13*g + 404 = -12. What is the remainder when u is divided by g?
31
Let w(n) = -2*n**3 + 4*n**2 + 5*n + 10. Let u be w(3). Calculate the remainder when 39 is divided by (u/(-35) - (-30)/25)/1.
0
Let c(p) = -14*p - 234. What is the remainder when c(-59) is divided by 85?
82
Let p(o) = o**2 + o. Let v be p(-3). Suppose w - v*w = 2*i - 81, -3*w + 126 = 3*i. Suppose -322 - 14 = -21*u. Calculate the remainder when i is divided by u.
11
Calculate the remainder when -5 + (12 - (-696 + 20)) is divided by 243.
197
What is the remainder when (-12)/18*(-2493)/6 is divided by 72?
61
Suppose 4*h - 4*m = 2*h + 70, h + 3*m - 40 = 0. Suppose -h = -9*f + 71. What is the remainder when 41 is divided by f?
5
Suppose -13*t = -14*t + 1847. Let n = t - 1292. Suppose -f = -6*f + n. Calculate the remainder when f is divided by 38.
35
Let x(q) = 38*q - 10. Suppose 5*m + 20 = -35. Let f = -9 - m. Calculate the remainder when x(f) is divided by 34.
32
Let m = -72 + 72. Suppose m = -u - 107 + 110. Suppose -2*p + 98 = u*y, -y = 4*y - 3*p - 138. Calculate the remainder when y is divided by 7.
2
Let v(f) = f**2 - 9*f - 69. Let c be v(-6). Calculate the remainder when -18*(-46)/(-69)*c/(-4) is divided by 19.
6
Let y be 3 - 6/(-3) - (2 - -1). Suppose -3*p = 5*u - 419, -y*u - 26 + 205 = 5*p. Suppose -2*t + 44 = -0*t. What is the remainder when u is divided by t?
16
Let g = 3 + -1. Let h be (-3)/(30/4) + (-182)/(-455). Suppose g*b - 3 - 17 = h. What is the remainder when 29 is divided by b?
9
Let n(r) = -r**3 + r**2 + 11*r + 34. Let m = -6 + 8. Suppose 0*y - m*u - 6 = -y, 2*u = 5*y - 54. What is the remainder when n(-4) is divided by y?
10
Let w(q) = -59*q - 14. Let m be w(-4). Let t = m - 120. Calculate the remainder when t is divided by (2 + 1)/(6/52).
24
Let f = -235 - -287. Suppose -4*i = 40 - f. What is the remainder when i is divided by 2?
1
Let i be (-12)/15 - (-432)/40. Let r(x) = x**2 - 2*x + 4. What is the remainder when r(4) is divided by (5 + -4)*i - 6?
0
Let y = 184 - 178. What is the remainder when ((-94)/3)/((-51)/9 - -5) is divided by y?
5
Suppose 0 = -4*w - 2*b + 208, 4*b + 115 = 2*w + 31. Suppose -11531*o + 11532*o + 2*a = 64, 0 = -o + a + 7. Calculate the remainder when w is divided by o.
24
Suppose -71446*k + 39292 = -71402*k. What is the remainder when k is divided by 893?
0
Let c(r) = 2*r**2 + 207*r + 1339. What is the remainder when 395 is divided by c(-97)?
5
Let y(z) = z**3 - 19*z**2 + 7. Let g(o) = -2*o**2 + 99*o - 30. Let l be g(49). What is the remainder when 31 is divided by y(l)?
3
Let f = 73 - -8. Suppose -l + f - 25 = 0. Suppose 4*q + 4*m = -m + l, -5*m - 25 = -5*q. What is the remainder when 17 is divided by q?
8
Calculate the remainder when 121 is divided by -5*(16/10 + -1) - -8.
1
Suppose -63351 = -3*r - 20*r + 14*r. What is the remainder when r is divided by 110?
109
Suppose -2*x + 143 + 65 = 4*z, -5*x = -7*z + 381. Suppose 0*g = 3*g - 4*t - 33, -4*g + 16 = 4*t. What is the remainder when z is divided by g?
4
Suppose -4 = -2*x, 0 = -5*d + 11*x + 31 + 242. Suppose 3*a = -4*t + 23 + 21, -2*a - 3*t + 28 = 0. What is the remainder when d is divided by a?
19
Let w = -19396 - -25463. Calculate the remainder when w is divided by 21.
19
Calculate the remainder when (1014/15)/(639/90 - 7) is divided by 85.
81
Suppose 1938*x - 1904*x - 2210 = 0. What is the remainder when x is divided by 53?
12
Let c(w) = w + 11. Let y = -9 - -3. What is the remainder when c(y) is divided by 2/(-1)*(3 - 4)?
1
Let h = 3939 - 2040. Calculate the remainder when h is divided by 6.
3
Let s(b) = -b**3 - 12*b**2 - 38*b + 7. Let p(r) = -24*r - 22. Calculate the remainder when p(-10) is divided by s(-8).
53
Suppose 21*m + 39*m - 1120 - 620 = 0. Calculate the remainder when 5073 is divided by m.
27
Let y be ((-68)/6)/((-32)/528). Suppose 3*a = -8*a + y. Calculate the remainder when 45 is divided by a.
11
Let z(u) be the second derivative of -u**4/6 + 23*u**3/6 + 8*u**2 - 19*u. Let i be z(12). Calculate the remainder when 6 is divided by ((-1)/4)/((-1)/i).
0
Let q(v) = -335*v - 2741. What is the remainder when q(-9) is divided by 76?
46
What is the remainder when 21083 is divided by 6 - 5 - (-22 - 2)*1/2?
10
Let o = 55 + 285. Suppose 0 = -186*c + 191*c - o. What is the remainder when c is divided by 35?
33
Let b = 75 + -69. Suppose -447*n + b = -444*n. What is the remainder when 2 is divided by n?
0
Let k be 72 + 6 + 1 + -4. What is the remainder when (90/k)/((-6)/(-620)) is divided by 32?
28
Calculate the remainder when 716*(-12)/(-48) + 9 is divided by 97.
91
Suppose -3*a + 8 = 2*z - 15, -2*a = -z - 20. Suppose -167 = -a*x + 10*x. Let h = x - -257. Calculate the remainder when h is divided by 23.
21
Calculate the remainder when 515 is divided by ((-430)/(-4))/(15/12).
85
Let p(c) = -54*c + 167. Let k be p(3). Suppose -4*y + 145 = n, -k*n - 4 - 27 = -y. Let j(l) = -2*l + 2. What is the remainder when y is divided by j(-4)?
6
Suppose 0 = -3*l + 2*l + 31. Let s(w) = -w**2 + 4395*w + 17. What is the remainder when l is divided by s(0)?
14
Let c(p) = -p**2 - 23*p - 57. Let w be c(-5). Suppose 24*g + 1341 = w*g. Calculate the remainder when g is divided by 39.
32
Let x = -1372 + 1375. Suppose -2*j = 2 - 6. Suppose 0*t - j*t = x*g - 29, 0 = 5*g - 5. What is the remainder when t is divided by 6?
1
Let c(i) = 6*i - 5. Let w be c(2). Suppose 10*y - w*y - 102 = 0. Suppose 34 = 4*s - y. What is the remainder when 81 is divided by s?
13
Let z(q) = q**2 - q - 7. Let w(l) = -6*l + 6. Let j be w(1). Suppose -4 = -2*c, -4*b - 2*c - c + 254 = j. Calculate the remainder when b is divided by z(5).
10
Let s(q) = q**3 + 33*q**2 + 65*q + 119. What is the remainder when 1090 is divided by s(-31)?
24
Let k = 52 - 37. Suppose 3*n + 4*q - 351 = -110, 3*q = -k. Let i(b) = b**2 - 23*b + 15. Calculate the remainder when n is divided by i(23).
12
Let t = 219 - 198. Suppose 1512 = -14*q + t*q. Calculate the remainder when q is divided by 31.
30
Suppose -86*j - 26850 = -161*j. Calcu